ose -1094 = 4*o + 154. Let z be 1 + 1 + (-8 - o). Suppose -54 + z = 2*v. List the prime factors of v.
2, 3, 7
Let o(n) be the first derivative of 17*n**2/2 - 61*n - 142. What are the prime factors of o(9)?
2, 23
Let x(u) = -22*u - 156. Let w be x(-6). List the prime factors of 2*-4*36/w.
2, 3
Let g = -171 + 174. Suppose -4*b - j - 826 = -5*b, 0 = -g*j. List the prime factors of b.
2, 7, 59
Let u be 1 + 3/(9/(-3)). Suppose u = 3*b + 2*s - 4 - 1, s = -b. Suppose -4*t + 0*m = b*m - 77, 3*t - 44 = -m. What are the prime factors of t?
13
Let w be (-33)/6 - 6/(-4) - -29. Let v = -8 + w. What are the prime factors of ((-62)/(-6))/(3 - v/6)?
2, 31
Let r(p) = -2*p**2 - 420*p - 50. List the prime factors of r(-31).
2, 1381
Let v(t) = -2*t**2 - 15*t + 84. Let o be v(-11). Let g(i) = 256*i - 375. List the prime factors of g(o).
13, 109
Let r be 3 + (48/28)/(2/28). Suppose 299 = w + r. What are the prime factors of w?
2, 17
Let k(z) = 6*z**2 + 527*z + 93. List the prime factors of k(51).
2, 3, 887
Suppose 7*s + 52 = 10. Let q be ((-21)/s + 4)*8/10. Suppose q*i - 396 = -90. List the prime factors of i.
3, 17
Suppose 448 + 2195 = 3*s. Suppose 0 = -20*n + 19*n + s. List the prime factors of n.
881
Let v(a) = 3*a + 4414. List the prime factors of v(-34).
2, 7, 11
Let o(y) = -y**3 + 83*y**2 - 124*y + 1040. List the prime factors of o(65).
2, 3, 5, 13, 59
Suppose 5*y - 3*p = -33, -p + 2 = p. Let u be (-2300)/(-14) + 320/56 + y. Suppose d - 100 = 3*o, -2*o - 115 = -3*d + u. What are the prime factors of d?
7, 13
Let w = -2438 + 1500. Let t = w - -619. Let z = 616 + t. List the prime factors of z.
3, 11
Let n(d) be the second derivative of 27*d**3/2 - 24*d**2 + 40*d. What are the prime factors of n(11)?
3, 281
Let t be (-1324)/(-8 + (-68)/(-8)). List the prime factors of t/2*(-6)/8.
3, 331
Let q = -331 - -19242. List the prime factors of q.
18911
Suppose -2*k = 2*l, 4*k + 5*l - 6 = -1. Let c be 7/5*k/(-1). Let t(s) = 11*s - 3. What are the prime factors of t(c)?
2, 37
Suppose -18*x = -31*x + 13494. Let y = 2354 - x. List the prime factors of y.
2, 7, 47
List the prime factors of (-2 + (-216)/(-36))*4591/(-2)*-1.
2, 4591
List the prime factors of 1789152/108 + -5 + 1/((-27)/6).
16561
Let z(t) = -t**3 + 21*t**2 - 43*t + 13. Let u be z(18). Suppose -5*f - 5*x - 136 = -506, 3*f - 4*x = 236. Let l = u + f. What are the prime factors of l?
7, 41
Let a(g) be the first derivative of 4*g**3/3 + 6*g**2 - 39*g - 91. What are the prime factors of a(-13)?
13, 37
Let o = -53 + 53. Suppose o = 8*l - 3750 - 346. What are the prime factors of l?
2
Let c(u) = -7*u - 13. Let g be c(-7). Let p = -36 + g. Suppose -5*q + 2*i + 323 = 0, p = -2*q + 4*q - 4*i - 126. List the prime factors of q.
5, 13
Suppose 2*i = 4*c - 18, -4*c + 1 = 5*i + 4. Suppose 5*q + 5480 = c*n, -n - 4*q + 609 = -1229. What are the prime factors of n?
2, 3, 5, 61
Suppose -26 = -6*i - 8. Suppose i*a = a + 386. Suppose -a = -0*b - 3*b + l, 0 = 4*b + 3*l - 240. List the prime factors of b.
3, 7
Let p(u) = -2*u - 9. Let v = 35 - 39. Let j be p(v). What are the prime factors of ((-2)/4 - j)*142?
71
Suppose -68 - 58 = -9*w. Suppose w*i - 4809 = 441. What are the prime factors of i?
3, 5
List the prime factors of (-308685)/(-13) - (-4 - 1).
2, 5, 19
Let r be (0 - 43744/24)*(-6)/4. Let f be r/5 - (-8)/(-10). Suppose 4*k = -2*w + 387 + 139, 0 = -4*k + 2*w + f. List the prime factors of k.
2, 67
Let o be 6*(-2384)/(-72)*(-18)/4. Let q = 1493 + o. What are the prime factors of q?
599
Suppose 13*w - 38 = -6*w. List the prime factors of 23*(-7 + (w - -6)).
23
Suppose 0 = 3*p + 41 + 4. Let c = p + 18. Suppose c*d + 3*k = 51 + 240, -2*k = 4*d - 390. What are the prime factors of d?
2, 7
Let u(t) = -t**2 - 13*t + 1. Let f be ((-6)/5)/(8/40). List the prime factors of u(f).
43
Suppose -9331*a + 9338*a = 107310. List the prime factors of a.
2, 3, 5, 7, 73
Let n = 29029 + -21305. What are the prime factors of n?
2, 1931
Let c be (-3 - -370)*(-12)/12. Let f = c + 631. What are the prime factors of f?
2, 3, 11
What are the prime factors of 98060/6*(-2028)/(-1690)?
2, 4903
Let q = 25351 - 5118. List the prime factors of q.
20233
Let a = -55452 + 135158. List the prime factors of a.
2, 11, 3623
Let g = 99 + -79. List the prime factors of 695/(-2)*(-16)/g.
2, 139
Let f = 6552 - 4087. List the prime factors of f.
5, 17, 29
Let j = -287 + 617. Suppose 3*h - j = -2*u, 14*h = -4*u + 11*h + 666. What are the prime factors of u?
2, 3, 7
Suppose 3*m + 4*g - 1662 = 0, 5*g - 780 = -3*m + 885. Suppose -10 = c + 4*c, 0 = -4*r + 5*c - m. List the prime factors of 0/(-2) + r/(-2).
2, 5, 7
Let t(x) = -x**2 + 7*x + 101. Let k be t(14). Suppose k*n - 16*n + 3900 = 0. What are the prime factors of n?
2, 3, 5
Suppose 6*k - 15 = 3*k. Let i(l) = 5*l - 5. Let j be i(k). Suppose -4*f = 8, -2*f + j - 1 = a. List the prime factors of a.
23
Suppose -3*z + 55356 = -3*x, 33*z - 3*x - 18448 = 32*z. List the prime factors of z.
2, 9227
Let r(i) = i**3 - 34*i**2 + 18*i + 1032. What are the prime factors of r(35)?
2887
Let s = -77 + 79. Let q be (1 + -11)/(s/(-23)). Let o = q - -40. List the prime factors of o.
5, 31
Let l(p) = -8*p - 151. Let r be l(34). Let u = r + 1235. What are the prime factors of u?
2, 7, 29
Let m = 331 - 326. Suppose 0 = -2*p + m*q + 1818 - 137, 4*p = 3*q + 3327. List the prime factors of p.
2, 3, 23
Let u(x) = -13*x + 68. Let w be u(5). Suppose 0*t - 4*t + 2492 = -2*d, -w*t = 3*d - 1851. List the prime factors of t.
3, 23
Let r(u) = 94*u**2 - 3*u + 4. Let j be r(-2). Let g = j - 212. List the prime factors of g.
2, 3, 29
Suppose 30 = -5*k, 1717 = m - 2*k - 7071. List the prime factors of m.
2, 1097
Suppose -46*v + 28*v = 12*v - 503310. List the prime factors of v.
19, 883
Let p(x) = 73*x**3 - 10*x - 26. What are the prime factors of p(6)?
2, 7841
Let r = -3675 - -8945. What are the prime factors of r?
2, 5, 17, 31
Suppose 5*d + 4*g = 10134, 280 = -g + 276. List the prime factors of d.
2, 5, 7, 29
Let u(d) = -4*d + 65. Let t(b) = -2*b + 57. Let r be t(24). List the prime factors of u(r).
29
Let v be ((-1)/(-2))/(1/2). Let x be (81 - 429) + (1 - v - 3). Let r = x + 501. List the prime factors of r.
2, 3, 5
List the prime factors of (-15 - 53816/(-7))*1.
7673
Let m(b) = b**3 + 51*b**2 - 140*b - 226. What are the prime factors of m(-50)?
2, 4637
Suppose 3009*m - 2*r = 3011*m - 43300, -4*r = 20. List the prime factors of m.
5, 61, 71
Let p be 4/(-10) - (-96)/15. Let r = 15353 - 15363. What are the prime factors of p/r + 2915/25 + -2?
2, 3, 19
Let c be 142*(-3)/(9/(-6)). Suppose -281*j - 1947 = -c*j. What are the prime factors of j?
11, 59
Let c = 5846 - -3626. What are the prime factors of c?
2, 37
Suppose -243 = 3*z - 96. Let u = 1077 + z. What are the prime factors of u?
2, 257
Let t(z) = 4*z**3 + 2*z**2 + 2*z - 2. Let f be t(-4). Let q(m) = 98*m**2 + 3*m + 2. Let a be q(2). Let w = f + a. List the prime factors of w.
2, 83
Let t be 2*(-116*1)/(-4). Let x = 50 - t. List the prime factors of 945/6*x/(-10).
2, 3, 7
Let d be (-450)/6*(10/6 - 2). Suppose -5*i = -d*i + 2600. List the prime factors of i.
2, 5, 13
Let d = 20 + -21. Let t be ((-2090)/57)/(d/3). Suppose 0 = 3*y - t + 44. List the prime factors of y.
2, 11
Suppose 1830 = 5*b + 5*i, -5*b + 1098 = -2*b - 2*i. Suppose -j - 5*n + b = -2*n, -n = 4. What are the prime factors of j?
2, 3, 7
What are the prime factors of ((-1)/2)/(-19 - (-10799811)/568412)?
2, 13, 643
Let i = -14 - 62. Let j = i - -191. Let f = j - 56. What are the prime factors of f?
59
Suppose 0 = 5*z - 2*x - 58936, 4*z - 2*x - 47148 = -0*z. List the prime factors of z.
2, 7, 421
Let g(q) be the second derivative of q**4/12 + q**3/2 + q**2 + 23*q. What are the prime factors of g(4)?
2, 3, 5
Suppose 3*l - 12 = 0, 3*l = -3*a + 12208 + 12002. What are the prime factors of a?
2, 37, 109
Let x(j) = 14*j - 2*j + j**3 - 8*j + 5 + 5*j**2. List the prime factors of x(5).
5, 11
Let z(t) = 270*t + 52. Let u be z(-11). List the prime factors of 2/10 + u*(-4)/40.
2, 73
Let w = 5 - -20. Suppose 4*f = 9*f - w. Suppose f*a + 305 = 10*a. What are the prime factors of a?
61
Suppose -264 = -17*j - 60. Let k(t) = 2*t + 119. What are the prime factors of k(j)?
11, 13
Let b = -283 - -148. Let d = 304 + b. List the prime factors of d.
13
Suppose 4